{"id":103,"date":"2017-07-24T19:47:33","date_gmt":"2017-07-24T19:47:33","guid":{"rendered":"http:\/\/airtales.eu\/?page_id=103"},"modified":"2021-05-28T16:02:57","modified_gmt":"2021-05-28T16:02:57","slug":"news","status":"publish","type":"page","link":"http:\/\/airtales.eu\/?page_id=103","title":{"rendered":"News!"},"content":{"rendered":"\n<figure class=\"wp-block-embed-youtube wp-block-embed is-type-video is-provider-youtube wp-embed-aspect-16-9 wp-has-aspect-ratio\"><div class=\"wp-block-embed__wrapper\">\n<iframe loading=\"lazy\" title=\"AirTales Proben Bedside Stories V1 (Musik: Dardust - Sunset on M.)\" width=\"525\" height=\"295\" src=\"https:\/\/www.youtube.com\/embed\/aI6nRHWqdqs?feature=oembed\" frameborder=\"0\" allow=\"accelerometer; autoplay; clipboard-write; encrypted-media; gyroscope; picture-in-picture\" allowfullscreen><\/iframe>\n<\/div><\/figure>\n\n\n\n<h2><span class=\"has-inline-color has-white-color\"><strong>Rehearsals and new ideas despite the pandemic!<\/strong> <strong>&#8211; Proben und neue Ideen trotz Pandemie!<\/strong><\/span><\/h2>\n\n\n\n<p><strong><span class=\"has-inline-color has-white-color\">&#8222;Bedside Stories&#8220; (Arbeitstitel)<\/span><\/strong><\/p>\n\n\n\n<p><span class=\"has-inline-color has-white-color\">\u201eBedside Stories\u201c ist ein interdisziplin\u00e4res St\u00fcck \u00fcber Beziehung, Leben und dem Prozess des Alterns. Text, Bewegung, Akrobatik, Musik und digitale Medien werden in der Geschichte der zusammen alt gewordenen Menschen Leonie und Oskar verwoben, begleiten das Publikum von der Realit\u00e4t in die Vergangenheit und zur\u00fcck. Das Leben des Paares, auf eine Stunde gek\u00fcrzt, bringt Generationen wieder zusammen.<\/span><\/p>\n\n\n\n<figure class=\"wp-block-image size-large is-resized\"><img loading=\"lazy\" src=\"http:\/\/airtales.eu\/wp-content\/uploads\/2021\/04\/IMG_8475-1024x768.jpg\" alt=\"Rehearsal sneak-peak\" class=\"wp-image-164\" width=\"354\" height=\"265\" srcset=\"http:\/\/airtales.eu\/wp-content\/uploads\/2021\/04\/IMG_8475-1024x768.jpg 1024w, http:\/\/airtales.eu\/wp-content\/uploads\/2021\/04\/IMG_8475-300x225.jpg 300w, http:\/\/airtales.eu\/wp-content\/uploads\/2021\/04\/IMG_8475-768x576.jpg 768w, http:\/\/airtales.eu\/wp-content\/uploads\/2021\/04\/IMG_8475-1536x1152.jpg 1536w, http:\/\/airtales.eu\/wp-content\/uploads\/2021\/04\/IMG_8475-2048x1536.jpg 2048w\" sizes=\"(max-width: 354px) 100vw, 354px\" \/><figcaption>Rehearsal sneak-peak<\/figcaption><\/figure>\n\n\n\n<p><span class=\"has-inline-color has-white-color\"><strong>Darsteller*innen:<\/strong><br>Katharina Hofmann absolvierte ihr erstes Studium in Contemporary Theatre Performance in England um dann den Abschluss an der East 15 Acting School zu machen. Daraufhin arbeitete sie mit Rogueplay Physical Theatre (UK), White Horse Theatre (D) auf Tournee und produzierte 2017 unter AirTales ihre interdisziplin\u00e4re Show &#8222;Seule&#8220;. Darauf folgte eine Deutschlandtournee mit Nimmerland Theaterproduktion. Seit 2018 spielt sie f\u00fcnf St\u00fccke im Repertoire des K\u00f6lner K\u00fcnstlertheaters.<\/span><\/p>\n\n\n\n<p><span class=\"has-inline-color has-white-color\">Stella Garbe Huedo schloss 2019 ihre Ausbildung an der Circusschule ACaPA in Tilburg (NL) mit Spezialisierung Handstand-Akrobatik ab. 2018 nahm sie am European Youth Circus Festival in Wiesbaden mit der Nummer \u201e<em>Silhouette\u201c<\/em> teil. 2018\/19 tourte sie in dem St\u00fcck Peter de Grote der BarokOpera Amsterdam die Niederlande\/ Frankreich. Herbst 2019 war Stella an der Kreation von 5PIECES mit Premiere Oktober 2019 beim Festival Circolo beteiligt.<\/span><\/p>\n\n\n\n<p><span class=\"has-inline-color has-white-color\">Daniel Calladine ist Schauspieler, Puppenspieler und Regisseur.&nbsp; 2012 absolvierte er das Studium \u201cPractical Filmmaking\u201d an der Met Film School London und inszeniert seitdem interdisziplin\u00e4re Film-\/Theaterproduktionen (Schwerpunkt neue Medien\/ Bewegung). Aktuelle Beispiele sind St\u00fccke am Horizont Theater: \u201cSpieglein, Spieglein\u201d und \u201cApp-lein und Streichelhandy\u201d. Als Filmemacher erstellt er u.a. Schowreels. Seit 2019 ist er hinter der lebensgro\u00dfen Handpuppe G\u00fcrzi und tritt mit dem K\u00f6lner G\u00fcrzenischorchester u.a. in der Philharmonie auf.<\/span> <a href=\"https:\/\/www.danielcalladine.com\" data-type=\"URL\" data-id=\"https:\/\/www.danielcalladine.com\" target=\"_blank\" rel=\"noreferrer noopener\">https:\/\/www.danielcalladine.com<\/a><\/p>\n\n\n<p><strong>Der Trailer f\u00fcr die Derniere von &#8222;Seule&#8220;<\/strong><\/p>\n<p>Nach einer weiteren sehr erfolgreichen Show am 19.11.17 gab es neue Aufnahmen und somit genug Material f\u00fcr den Trailer.<br>Kamera: Florenz J\u00e4ger<br>Schnitt: Martin Schneider<\/p>\n<p>https:\/\/youtu.be\/rQyp8UigTVk<br>Die Show hat sich noch einmal ver\u00e4ndert und verbessert, mit vielen neuen Elementen&nbsp; starteten wir in die vorerst letzte Runde von Seule.<\/p>\n<p>Letzte Chance Seule in K\u00f6ln zu sehen am <strong>13.12.2017 &#8211; 18:30<\/strong><\/p>\n<p>ZAK (Zirkus- und Artistikzentrum K\u00f6ln, An der Schanz 6, 50735 K\u00f6ln)<br>Eintritt &#8211; 10 \u20ac (erm\u00e4\u00dfigt) \/ 12 \u20ac<\/p>\n<p>Kartenvorbestellung unter 0221 &#8211; 16833740<br>oder ticket@zak-koeln.com<\/p>\n<div class=\"yt-alert-content\">&nbsp;<\/div>\n<p><strong>Neuer Flyer f\u00fcr die Wiederaufnahme ist fertig!<\/strong><\/p>\n<p><img loading=\"lazy\" class=\"alignnone size-medium wp-image-115\" src=\"http:\/\/airtales.eu\/wp-content\/uploads\/2017\/07\/Flyer_Seule_Druck_vor2-druckgr\u00f6\u00dfe-215x300.jpg\" alt=\"\" width=\"215\" height=\"300\">&nbsp;<img loading=\"lazy\" class=\"alignnone size-medium wp-image-133\" src=\"http:\/\/airtales.eu\/wp-content\/uploads\/2017\/10\/Flyer_Seule_Druck_rueck3-druckgr\u00f6\u00dfe-neu-215x300.jpg\" alt=\"\" width=\"215\" height=\"300\"><\/p>\n<p><strong>\u201eSeule\u201c &#8211; AirTales<\/strong><\/p>\n<p>Kindheit &#8211; zwischen \u00c4ngsten, Tr\u00e4umen und Freiheit<\/p>\n<p>Was war das? Wer bist du? Ich will spielen! Mama, Papa?<br>Was geht in der Welt dieses Kindes vor? Alleine zu Hause, begleitet von Fantasie, Angst, dem Verlangen nach N\u00e4he und Neugier. Ein Cirque Nouveau St\u00fcck das auf spielerische Art und Weise Zirkus und Theater zusammenbringt.<\/p>\n<p>Katharina Hofmann (D), Stephen Juvigny (FR), Monica Nenkova (BG) und L\u00e9o Perrier (FR) laden zu einem Abend artistischer Darbietungen, live Musik, Bewegungstheater und einer Portion gesundem Wahnsinn!<\/p>\n<p>Wann? &#8211; Sonntag 19.11.2017 &#8211; 16:00<br>Mittwoch 13.12.2017 &#8211; 18:30<br>Wo? &#8211; ZAK (Zirkus- und Artistikzentrum K\u00f6ln, An der Schanz 6, 50735 K\u00f6ln)<br>Eintritt &#8211; 10 \u20ac (erm\u00e4\u00dfigt) \/ 12 \u20ac<\/p>\n<p>Kartenvorbestellung unter 0221 &#8211; 16833740<br>oder ticket@zak-koeln.com<\/p>\n<p><strong>Premiere von &#8222;Seule&#8220; und weitere Termine<\/strong><\/p>\n<p>Nach einer erfolgreichen Premiere mit einem aus den N\u00e4hten platzenden Zirkuszelt d\u00fcrfen wir nun weitere Show-Termine von &#8222;Seule&#8220; verk\u00fcnden!<\/p>\n<p>Mittwoch&nbsp; 15.11.2017<br>Sonntag&nbsp;&nbsp;&nbsp; 19.11.2017<br>Mittwoch&nbsp; 13.12.2017<\/p>\n<p>Wo?&nbsp;&nbsp;&nbsp;&nbsp; ZAK (Zirkus- und Artistikzentrum K\u00f6ln, An der Schanz 6, 50735 K\u00f6ln)<br><em> Kartenvorbestellung unter 0221 \u2013 16833740 oder ticket@zak-koeln.com<\/em><\/p>\n<p><strong>Premiere of &#8222;Seule&#8220; and further dates<\/strong><\/p>\n<p>After a very successful premiere in an almost bursting tent due to such a big audience, we now have the pleasure to announce further dates for our show &#8222;Seule&#8220;!<br><em>(see dates above)<\/em><\/p>\n<figure id=\"attachment_91\" aria-describedby=\"caption-attachment-91\" style=\"width: 200px\" class=\"wp-caption alignnone\"><img loading=\"lazy\" class=\"size-medium wp-image-91\" src=\"http:\/\/airtales.eu\/wp-content\/uploads\/2017\/04\/IMG_7209-200x300.jpg\" alt=\"Circus Theatre Show, 2017\" width=\"200\" height=\"300\" srcset=\"http:\/\/airtales.eu\/wp-content\/uploads\/2017\/04\/IMG_7209-200x300.jpg 200w, http:\/\/airtales.eu\/wp-content\/uploads\/2017\/04\/IMG_7209-768x1152.jpg 768w, http:\/\/airtales.eu\/wp-content\/uploads\/2017\/04\/IMG_7209-683x1024.jpg 683w\" sizes=\"(max-width: 200px) 100vw, 200px\" \/><figcaption id=\"caption-attachment-91\" class=\"wp-caption-text\">Circus Theatre Show, 2017<\/figcaption><\/figure>\n<p><img loading=\"lazy\" class=\"alignnone size-medium wp-image-87\" src=\"http:\/\/airtales.eu\/wp-content\/uploads\/2017\/05\/IMG_7228-200x300.jpg\" alt=\"\" width=\"200\" height=\"300\" srcset=\"http:\/\/airtales.eu\/wp-content\/uploads\/2017\/05\/IMG_7228-200x300.jpg 200w, http:\/\/airtales.eu\/wp-content\/uploads\/2017\/05\/IMG_7228-768x1152.jpg 768w, http:\/\/airtales.eu\/wp-content\/uploads\/2017\/05\/IMG_7228-683x1024.jpg 683w\" sizes=\"(max-width: 200px) 100vw, 200px\" \/><\/p>\n<p><\/p>","protected":false},"excerpt":{"rendered":"<p>Rehearsals and new ideas despite the pandemic! &#8211; Proben und neue Ideen trotz Pandemie! &#8222;Bedside Stories&#8220; (Arbeitstitel) \u201eBedside Stories\u201c ist ein interdisziplin\u00e4res St\u00fcck \u00fcber Beziehung, Leben und dem Prozess des Alterns. Text, Bewegung, Akrobatik, Musik und digitale Medien werden in der Geschichte der zusammen alt gewordenen Menschen Leonie und Oskar verwoben, begleiten das Publikum von &hellip; <\/p>\n<p class=\"link-more\"><a href=\"http:\/\/airtales.eu\/?page_id=103\" class=\"more-link\"><span class=\"screen-reader-text\">\u201eNews!\u201c<\/span> weiterlesen<\/a><\/p>\n","protected":false},"author":1,"featured_media":0,"parent":0,"menu_order":0,"comment_status":"closed","ping_status":"closed","template":"","meta":[],"_links":{"self":[{"href":"http:\/\/airtales.eu\/index.php?rest_route=\/wp\/v2\/pages\/103"}],"collection":[{"href":"http:\/\/airtales.eu\/index.php?rest_route=\/wp\/v2\/pages"}],"about":[{"href":"http:\/\/airtales.eu\/index.php?rest_route=\/wp\/v2\/types\/page"}],"author":[{"embeddable":true,"href":"http:\/\/airtales.eu\/index.php?rest_route=\/wp\/v2\/users\/1"}],"replies":[{"embeddable":true,"href":"http:\/\/airtales.eu\/index.php?rest_route=%2Fwp%2Fv2%2Fcomments&post=103"}],"version-history":[{"count":9,"href":"http:\/\/airtales.eu\/index.php?rest_route=\/wp\/v2\/pages\/103\/revisions"}],"predecessor-version":[{"id":170,"href":"http:\/\/airtales.eu\/index.php?rest_route=\/wp\/v2\/pages\/103\/revisions\/170"}],"wp:attachment":[{"href":"http:\/\/airtales.eu\/index.php?rest_route=%2Fwp%2Fv2%2Fmedia&parent=103"}],"curies":[{"name":"wp","href":"https:\/\/api.w.org\/{rel}","templated":true}]}}